d*q = -8. Is h(v) a prime number?
False
Let z = 59 - 56. Let q(c) = -3*c**z + 8*c + 0*c + 15 + 13*c - 568*c**2 + 572*c**2. Is q(-8) prime?
False
Let l = -2491 - 1355. Let r be (-2)/(-6) + l/9. Is (-12)/30 - r/5 prime?
False
Let r be ((-2)/(-4))/(4/8). Let v(d) = 286*d - r + 406*d - 105*d. Is v(1) prime?
False
Suppose -32*i - 35*i = -19*i - 982032. Is i prime?
False
Let d = -494798 - -812035. Is d a composite number?
True
Suppose 2*y = h + 10, 5*y - 15 = 4*h + 4. Let r be ((-72)/(-54))/(-2)*2*-9. Is (y - r/4) + 781 prime?
False
Let n be (0 + (-9 - -4))/(5/(-2)). Suppose 11673 = -n*a + 45677. Is a a prime number?
False
Let l(f) = -f - 1. Let w(k) = -400*k - 112. Let z(j) = -3*l(j) - w(j). Is z(10) prime?
False
Let t(f) = -f**2 - 16*f - 13. Let q be t(-15). Suppose -m = -6*m + p + 28, -q*p = -4. Suppose 103 + 83 = m*h. Is h prime?
True
Let g = -2846 - -7047. Is g a prime number?
True
Let a(i) = 5*i - i + 17093 - 9*i + 3*i. Is a(0) a prime number?
True
Let w = -24 - -47. Let h = w + -1. Suppose -23*q + 1733 = -h*q. Is q prime?
True
Let a(w) = 2*w**3 - 15*w**2 - 2*w - 41. Let z be a(7). Is 7/(-91) + (-394480)/z composite?
False
Let o(z) = 7*z**3 + 24*z**2 - 61*z + 5. Is o(35) a composite number?
True
Let d = 132003 - 55592. Is d a prime number?
False
Let l(x) = x**2 - 31*x - 71. Let g be (-1260)/42*(-4)/(-5). Is l(g) a prime number?
True
Let i = 25535 - 1696. Is i prime?
False
Let v = 87764 + 82097. Is v prime?
False
Suppose 6733548 = -6*b + 37*b + 5*b. Is b prime?
True
Suppose -2*a + 17992 = 38*m - 35*m, 2*m - 12001 = 5*a. Is m a prime number?
False
Let y(q) = 179270*q**2 - 281*q + 571. Is y(2) a prime number?
True
Let l = 33 - 36. Let y be (2/l)/(1/(-4206)). Suppose -3*s = s - y. Is s a composite number?
False
Suppose 24102*w - 24115*w = -1651663. Is w a composite number?
False
Let h = 326 - 324. Suppose -h*i + 74 = -428. Is i a prime number?
True
Suppose j = 2*g - 123, 3*g = 7*j - 4*j + 180. Let w = g - 60. Is (77/w + 3)*(-123)/(-2) prime?
False
Let d = 79 + -65. Suppose g + 6 = 11, 0 = 2*r + 2*g - d. Suppose u + 4*x - 4169 = -0*u, r*x = 3*u - 12451. Is u prime?
True
Let c be (16/(-32) - (-11)/2)/1. Let t(v) = 34*v**2 - 13*v + 68. Is t(c) a composite number?
False
Let t = 72 - 68. Let o(z) = 6*z**3 - 7*z**2 - 4*z + 16. Let y(h) = -6*h**3 + 7*h**2 + 4*h - 16. Let u(p) = t*y(p) + 3*o(p). Is u(-7) prime?
True
Let y = -127 + 127. Suppose 28610 = 10*j - 5*j - 5*h, 2*j + h - 11447 = y. Is j a prime number?
False
Let h(j) = -j**3 - 22*j**2 - 20*j - 1. Let i be h(-16). Is 6/(-12)*2*(i - 0) a composite number?
False
Let r be -1115*((-3 - (-65)/(-25)) + 6). Let p = 25 - r. Is p prime?
False
Let k = -226805 - -482104. Is k composite?
True
Let s = -834 + 837. Suppose -6*v = s*w - 27303, -3*w + 18202 = -w + v. Is w a prime number?
False
Suppose 0 = 4*o + o + 470. Let d = o - -100. Suppose n + l - d*l = 631, -3*l = 5*n - 3155. Is n prime?
True
Let m = -18632 - -12702. Let r = m - -8649. Is r prime?
True
Let q = -2641 + 4590. Suppose 4*w = w + 3636. Let p = q - w. Is p a composite number?
True
Let r = -37331 - -106954. Is r prime?
True
Let x be 1*(-1)/2 + (-201096)/16. Let i = x + 19698. Is i a composite number?
False
Let s(t) be the second derivative of 23*t**4/4 - t**3/3 - 12*t**2 - 2*t + 12. Suppose 10*c = 8*c + 10. Is s(c) a prime number?
False
Suppose -318*n + 8313146 = -584*n + 328*n. Is n prime?
False
Suppose -4*d - 6336 = 3*q - 122411, 4*q = -5*d + 154766. Suppose 4*v - 13027 = q. Is v composite?
True
Suppose -143*d + 140*d + 487221 = 0. Is d composite?
True
Suppose -48*g + 32*g = -26528. Let x = g - -1071. Is x prime?
True
Let v(g) be the first derivative of 1799*g**3/3 - 3*g**2/2 - 7*g + 28. Is v(-2) a prime number?
False
Suppose -4*n + 472968 = -4*c, -4*n = c - 207400 - 265593. Is n composite?
False
Let z = 5705 - -17410. Suppose l - 3*l + 38537 = 5*y, 3*y - z = -3*l. Is y composite?
True
Let w(q) = 3*q + 350 - 198 - 261 + 35*q + 2*q**2. Is w(26) a composite number?
True
Suppose -16*g - 95 = 97. Let n be ((-9)/(-12))/((-3)/g). Suppose 2*i - i + 5*b = 211, 211 = i + n*b. Is i a composite number?
False
Let a(l) be the first derivative of 3*l**4/4 - 11*l**3/3 + 5*l**2 - 5*l - 4. Let z(d) = -3*d + 56. Let u be z(16). Is a(u) composite?
False
Suppose -5*c + 49 = -0*c - a, -4*c = 5*a - 45. Suppose g - 2*p = -6, 0 = 5*g - 2*p + c - 4. Suppose -m - 4*l + 807 = g, -4*m + 1691 + 1481 = 2*l. Is m prime?
False
Suppose -7*t = -53 + 11. Is -89*t*(-13)/26 prime?
False
Let f = 241900 + -56817. Is f a composite number?
True
Suppose n - 11064 = 3*q + 8042, -5*n + 5*q = -95580. Is n a prime number?
True
Let k = 4327 - 10238. Let x = -3688 - k. Suppose -12 = -3*b, b - x = -5*o - b. Is o composite?
False
Suppose w - 5*r = -21, -w - 3 + 17 = 2*r. Suppose 9*k + 24 = 11*k + 2*i, 50 = w*k + 5*i. Is 2/(k/21325*5) a composite number?
False
Let n = -118 - -138. Suppose -n*k + 12*k - 8 = 0. Is (k*818)/((-11)/((-11)/(-2))) prime?
True
Suppose 18*c - 8*c + 17308 = 14*c. Is c a prime number?
True
Suppose -3*o - 2*w + 9 = 2*w, 0 = 5*o - 4*w - 15. Suppose -3*q - 3 = 2*d - 2785, -o*d = -q - 4195. Is d composite?
True
Suppose 5*z = -12*z + 340. Is 9/(36/z)*283 a prime number?
False
Is -2325306*3/(-6)*(-21 - -11 - -11) a composite number?
True
Let b(i) = 47*i**2 - 43*i + 1423. Is b(36) a composite number?
True
Let u(c) = -30*c**3 - c**2 + 3*c + 298019. Is u(0) a composite number?
True
Let n = 62 - 57. Suppose -2*x = -5*p + 450, 0*p + 4*p = -n*x + 360. Suppose 0 = 3*l - 3*f - p, -11 - 1 = -4*f. Is l prime?
False
Suppose 0 = t + 6*t. Let c be 4 - (t/(-5) + -9). Suppose -c*y + 11*y = -4322. Is y a composite number?
False
Let t = -86474 - -130332. Is t a prime number?
False
Suppose 3*z - 214879 = -5*o, 37*z + 171902 = 4*o + 40*z. Is o prime?
False
Suppose k = -5*r + 10465, r - 6*r - 3*k + 10475 = 0. Suppose 0 = -5*j + 1923 + r. Is j prime?
False
Let o(i) = 82*i - 3. Let w(a) = a + 1. Suppose 27*v - 29*v + 2 = 0. Let n(r) = v*w(r) + o(r). Is n(5) composite?
True
Let c(v) = 213*v**2 + 13*v - 121. Let s be c(8). Suppose 4*p = 3*w + 2, w + 4*p = 8 + 2. Suppose -3*y - w*y + s = 0. Is y composite?
True
Let d(k) be the first derivative of k**4/4 - 7*k**3/3 - k**2/2 + 10*k - 12. Let b be d(7). Is 1912 - 5*b*(-2)/10 a prime number?
False
Let b = 1317 - 1287. Let c = -4752 - -7419. Suppose b*g + c = 33*g. Is g a composite number?
True
Suppose -2*x - 4*h = h + 4093, -4*x - 4*h - 8180 = 0. Let r = x - -18993. Is r a prime number?
False
Let m(p) = 74117*p + 1353. Is m(2) composite?
True
Let p(v) = v + 627. Let j be p(0). Let o be -398*5/(-10)*5 + 3. Let d = o - j. Is d prime?
False
Let j = -1569 + 6232. Is j a prime number?
True
Suppose -o - h + 348716 = 0, 3*o + 166*h - 168*h - 1046113 = 0. Is o a prime number?
True
Let g = 18 + -13. Let c = 169 + -169. Suppose c = g*w - 8843 - 2172. Is w prime?
True
Let b(w) = 8*w**3 + 7*w**2 + 45*w + 30. Let f be b(-9). Let i = 11559 + f. Is i prime?
False
Let y be 3*5/(-25)*-5. Suppose -y*x - 23705 = -4*m - 72090, 0 = 5*m + 20. Is x composite?
True
Suppose 0*q = -2*q + 5*l + 114, -q + l + 54 = 0. Let x = q + -7. Suppose r - x = 166. Is r a prime number?
True
Suppose 3*u - 4*v = 2*u + 1938, 3*u - 5823 = 3*v. Suppose -u - 570 = -4*k. Let l = 935 + k. Is l a prime number?
False
Suppose 4*u - 236019 = -17*u. Let o = 23712 - u. Is o prime?
True
Let s(m) = 2*m**2 + 19*m + 32. Let t be s(-2). Is t*(-10510)/4*(1 + -2) composite?
True
Suppose 0 = -3*x - 7*v - 3*v + 133, -v = -4*x + 120. Is x composite?
False
Suppose -c + 248180 = 815*x - 813*x, 3*x - 372279 = -3*c. Is x a composite number?
False
Suppose 9*r + 5*r = 65758. Let p = r + 5166. Is p a composite number?
True
Suppose -22304842 = -190*b - 10*b + 28920558. Is b a prime number?
False
Let y(v) = -15*v**3 + v**2. Let i be y(-1). Suppose -16 = c - i. Suppose c = 10*p - 9*p - 2789. Is p a composite number?
False
Let d(x) = x**2 - x - 7. Let n be d(4). Suppose 2*v - 16229 = -2*v + 5*t, n*v - t = 20302. Is v a composite number?
True
Let f(d) = 68*d**2 + 16*d + 18. Let u(m) = -m**2 - m + 1. Let o(v) = f(v) - 5*u(v). Is o(6) a prime number?
True
Let i be ((-1)/3)/((-3)/(-63)). Let u be (-6)/((-96)/(-52)) - (-4)/16. Is u/i + (185080/49)/2 composite?
False
Suppose 2*k = 3*s - 22084, 4*s = -s - k + 36811. Let p be 3 - 3 - 